. Let c(v) = -v**3 + v**2 + 15. Let p be c(s). List the prime factors of 3/(-3) + (p - 4).
2, 5
Let q be -7 + (1 - -2 - -1). Let h = q - -90. What are the prime factors of h?
3, 29
Let h(q) = 153*q**2 - 30*q - 55. List the prime factors of h(-2).
617
Let n be (16/4)/2 - 6. Let y be 21/n*(-5 - -9). List the prime factors of y/7 + 1 + 57.
5, 11
Let f = 10 - 11. Let u be -156 + 1*(f + 2). List the prime factors of u/(-15) - 1/3.
2, 5
Let x = -27 - -47. Suppose -x + 324 = 8*z. What are the prime factors of z?
2, 19
Suppose -10*u + 4*u + 24 = 0. Suppose 0 = -u*m + 84 + 524. List the prime factors of m.
2, 19
Let l be (-12)/54 - 1316/(-9). Suppose k - 4 = -k, -2*k - l = -5*c. Let v = -18 + c. What are the prime factors of v?
2, 3
Let b(d) = d**3 + 7*d**2 + 10*d + 21. Let t be b(-6). List the prime factors of (-1)/t - (-71)/3.
2, 3
Suppose -2*a + 4*a = -8. Let m be (-9)/a + 2/(-8). Suppose -4*k - 199 = -3*h, 3*h - m*k = 39 + 158. List the prime factors of h.
5, 13
List the prime factors of 606/14 - 6*9/189.
43
Suppose 2693 = 9*f - 3589. What are the prime factors of f?
2, 349
Suppose c - 3*k - 18 = -2*k, 0 = c - 2*k - 21. Suppose d = 74 + c. List the prime factors of d.
89
What are the prime factors of -10*16350/(-40) - 10/4?
5, 19, 43
Suppose 0*c + c - 5 = 0. Suppose -3*i + 3*x = -63, -4*i + 2*x - c*x = -84. List the prime factors of i.
3, 7
Suppose -2*q + 3*r = r + 4, -5*r + 10 = 3*q. Suppose q = z + 3*k - 2*k, -3*k = -z + 8. Let g = z + 24. List the prime factors of g.
2, 13
Let n(m) = -m**2 + 2*m + 5. Let q be n(-2). List the prime factors of (92/2)/((-6)/q).
23
Let w be (-4)/10 + 3018/(-30). Let g = -2 - w. Let r = g + -69. What are the prime factors of r?
2, 3, 5
What are the prime factors of -7*(6 + (-696)/28)?
2, 3, 11
Let x be (-16)/28 - (-9)/(-21). Let u = 5 - x. List the prime factors of u*2/((-6)/(-7)).
2, 7
Let q(b) = 2*b - 12. Let u(z) = z**3 + 25*z**2 + 22*z - 41. Let j be u(-24). List the prime factors of q(j).
2
Let v(m) = 2*m + 0*m - 44 + 52. Let q(p) = p**2 - p + 2. Let s be q(-2). What are the prime factors of v(s)?
2, 3
Let s(v) = 10*v - 30. List the prime factors of s(19).
2, 5
Suppose -3*z = -3*r + r + 27, 2*r + 22 = -4*z. List the prime factors of 33*(140/(-3))/z.
2, 5, 11
Suppose u = -2*u + 231. Let b be 15/25 - u/(-5). Suppose 0 = -c + 29 + b. What are the prime factors of c?
3, 5
Let u be 11/(-5) + 9/45. List the prime factors of (126/12)/(u/(-4)).
3, 7
Suppose -2*i + s = -319 - 36, 0 = 3*i - 2*s - 533. What are the prime factors of i?
3, 59
Let f = -28 - 6. Let h = f - -117. List the prime factors of h.
83
Suppose -6*x + 160 = -1334. Suppose 3*y + x = q, -1300 = -2*q - 3*q + 4*y. List the prime factors of q.
2, 3, 11
Let u(c) = -c**3 - 2*c**2 + 14*c + 11. List the prime factors of u(-6).
71
Suppose -4*a = 4*j - a + 33, -2*j - 3 = -3*a. Let r be ((-3)/2)/(j/40). Suppose -r = -2*u, 3*g + 2*u - 18 = 19. List the prime factors of g.
3
Suppose -12*g = -7*g + 4*m - 2293, 2*g = 5*m + 937. List the prime factors of g.
461
Let t(a) = 1799*a + 48. List the prime factors of t(1).
1847
Suppose -8*j - 2*j = -1380. Let h = 247 - j. What are the prime factors of h?
109
Suppose -51*t + 16*t = -16030. List the prime factors of t.
2, 229
Suppose 3*m + 53 + 23 = -g, -2*m - 56 = 2*g. Let n be 8/m + (-20)/(-6). Suppose 3*v + v = -n*b + 55, -5*v = 4*b - 70. What are the prime factors of v?
2, 5
Suppose -4*b + 4465 + 2799 = 0. List the prime factors of b.
2, 227
Let d(v) = 7*v**2 + 7*v + 11. List the prime factors of d(10).
11, 71
Suppose -k + 826 = 4*q, 0 = 2*k + 2*k - 4*q - 3264. List the prime factors of k.
2, 409
Suppose 0 = 4*u + 3*d + 3, 3 - 6 = -5*u + 3*d. Suppose c - 13 - 8 = -3*v, 4*c = u. List the prime factors of v.
7
What are the prime factors of 4 + (-24)/6 - (-120 - 3)?
3, 41
Let k = -646 - -1463. List the prime factors of k.
19, 43
Let g be 4 + -2 - (-12 + 10). Suppose g*r + 34 = 3*n - 161, 4*n - 235 = -3*r. What are the prime factors of n?
61
Let x(r) be the second derivative of -3*r**3/2 - 27*r**2/2 - 3*r. List the prime factors of x(-11).
2, 3
Suppose 1754 = 17*o - 3125. What are the prime factors of o?
7, 41
Let j(p) = -8*p + 13. Let i(d) = d**2 - 6*d + 5. Let n be i(3). Let v = -2 + n. What are the prime factors of j(v)?
61
Suppose -4*i + 17799 = -t, -2*i + 7022 + 1885 = -3*t. What are the prime factors of i?
3, 1483
Suppose 0 = 2*o - 3*n - 2473, 3*o - 1361 = -3*n + 2356. What are the prime factors of o?
2, 619
Let b(l) = -l**3 - l**2 + 17. Let c(h) = -h**3 - 6*h**2 - 5*h - 4. Let g be c(-6). Suppose -30*s + g*s = 0. List the prime factors of b(s).
17
Let h = 566 - 349. Suppose -p - h = -4*a, p - 66 + 13 = -a. What are the prime factors of a?
2, 3
Let w be 4/8*73*2. Let f = w - 105. Let s = f - -50. What are the prime factors of s?
2, 3
Suppose -4*w + 152 = -3*s + 7*s, -3*s + 184 = 5*w. Suppose -5*o + w = -250. What are the prime factors of o?
3, 19
Let h(x) = 286*x + 2. Let m be h(2). Suppose 5*n = n - 2*i + 756, 3*n = -5*i + m. List the prime factors of n.
2, 47
Let h(p) = p**2 - 5*p + 2. Let z be h(5). Let w(u) = -4*u**2 + 2 + 3*u**2 - u + 3*u**z - 6. List the prime factors of w(-4).
2
Suppose 3 = 2*d - 13. Suppose d*s - 1337 = -441. What are the prime factors of s?
2, 7
Let r = 266 - 177. List the prime factors of r.
89
Let s be 12/(-8)*16/12. What are the prime factors of s/16*-4*24?
2, 3
Suppose 4*r + 259 = -5*s, 4*r - 2*r = -5*s - 137. Let j = 196 + r. List the prime factors of j.
3, 5
Let c(h) = 3*h**2 - 3*h - 3. Let v be c(3). Let l = v + 10. What are the prime factors of l?
5
Suppose 0 = -0*p + 4*p + 92. Let c = p + 22. List the prime factors of 3/(((-9)/21)/c).
7
Let t(w) = -6 - 4*w + 2*w - 8*w. Let s be 0/(-5 + 3) + -6. What are the prime factors of t(s)?
2, 3
Suppose -384 = -5*w - 119. Suppose 0 = 2*d - 13 - w. What are the prime factors of d?
3, 11
Let i = -1257 - -2267. List the prime factors of i.
2, 5, 101
Suppose 5*g - 4*z - 12132 = 0, -5*z + 4850 = 2*g - 8*z. What are the prime factors of g?
2, 607
What are the prime factors of (-2)/(6 + (-18992)/3164)?
7, 113
Suppose 190 = 3*i - 401. Suppose 5*d = i + 198. What are the prime factors of d?
79
Let d = 86 - 83. Suppose d*p - 563 = r + 4*r, 2*p + r = 358. What are the prime factors of p?
181
Let w(p) = 94*p + 195. List the prime factors of w(7).
853
Suppose 1161*q = 1159*q + 7996. What are the prime factors of q?
2, 1999
Let u(y) = -y - 4. Let v be u(-10). Suppose -312 = -2*n + v. What are the prime factors of n?
3, 53
List the prime factors of ((-5203)/(-22))/11*74.
37, 43
Suppose g = 2*g + 14. Let d = 19 + g. Suppose 165 = d*x - 0*x. List the prime factors of x.
3, 11
Let u be (-108 + -16)*1/(-2). Let n be (5 + -4)*(-70)/2. Let a = u + n. What are the prime factors of a?
3
Let v be 135/(-10)*(-2 - 0). Let x be -10*(-1 + (-21)/(-6)). Let l = x + v. List the prime factors of l.
2
Suppose 0 = 2*v - z - 4 - 8, z - 4 = 0. Suppose -3*u = v*u - 1100. What are the prime factors of u?
2, 5
Suppose 0 = 9*s - 3763 - 4166. List the prime factors of s.
881
Suppose 4*g - 7 = 5. Let r be 2*(-12)/16 + (-66)/(-4). Suppose -87 - r = -g*t. What are the prime factors of t?
2, 17
List the prime factors of 2721 + (81/(-9))/(-1).
2, 3, 5, 7, 13
Suppose -2 - 30 = -4*h. Suppose 4*t - 236 = -4*j + h*j, 2*t - 120 = 4*j. List the prime factors of t.
2, 29
Let x = -1347 - -2382. What are the prime factors of x?
3, 5, 23
Let l be 2/(-5) - 40959/(-135). List the prime factors of 4/2 - (25 - l).
2, 5, 7
Let j = -6 - -10. Suppose j*f - 382 - 254 = 0. Suppose -8 = -g + 4*a, -a = -5*g + f - 43. List the prime factors of g.
2, 3
Suppose 0*r + 552 = -2*r + c, -5*r - 1378 = -3*c. Let x = r - -162. Let b = x + 170. What are the prime factors of b?
2, 3
Suppose -334 - 14 = -3*h. Let d be (-4)/(-18) + h/(-36). What are the prime factors of 1/((-16)/(-5) + d)?
5
Suppose 32992 + 20684 = 28*a. What are the prime factors of a?
3, 71
What are the prime factors of ((1 + 2)/3 + -2)*-365?
5, 73
Let k(n) = -3*n - 7. Let b(m) = m. Let f(c) = -4*b(c) + k(c). Let w be f(-7). Suppose 5*r - 30 = 5*h - 3*h, -4*r + w = 2*h. What are the prime factors of r?
2
Suppose 3*z = 4*o - 36, 4*z + 25 = -z - 5*o. Let i = 6 + z. List the prime factors of i/7 - (-745)/35.
3, 7
Suppose 8*q = 3*q + 60. Let c be -3*4/q - -1.